- 22*g - 25. Let n be a(-21). Determine d(n).
19
Let a(o) be the third derivative of o**7/840 - o**6/60 + o**5/40 + o**4/8 - o**3/2 + 3*o**2. Let c(z) be the first derivative of a(z). What is c(5)?
-7
Let m = -9 + 14. Suppose -m = -i - 3. Suppose -4*x - 8 = -i*x. Let w(d) = d**2 + 2*d - 2. Give w(x).
6
Let z(j) be the second derivative of -j**4/12 - j**3 - 3*j**2/2 - 3*j - 7. Give z(-4).
5
Let l(r) be the second derivative of -r**4/6 - 3*r**3/2 + 7*r**2/2 - 22*r - 1. Determine l(-7).
-28
Let s(v) be the first derivative of v**3 + 3*v**2/2 + v - 2. Let f be s(-2). Let h = f + -5. Let l(c) = -5*c + 1. Calculate l(h).
-9
Let i(d) = -d**2 - 11*d - 10. Let v(p) = 9*p**3 - 1. Let g be v(-1). Let j be i(g). Let s(x) = -x**3 + x**2 - 4. Give s(j).
-4
Let p(h) be the second derivative of h**5/20 + h**4/2 + h**3 + h**2/2 - 5*h. Determine p(-5).
-4
Let h(c) = c**2 - 5*c + 3. Let z = -130 + 134. Give h(z).
-1
Suppose -6*n + 20 = -2*n. Let v = 1 - n. Let g(h) = -h**3 - 4*h**2 - h + 4. Calculate g(v).
8
Suppose 3 = -0*t + 3*t. Let i(j) be the second derivative of -j**3/6 - 6*j. What is i(t)?
-1
Let j(i) = -i**2 - 7*i + 5. Let x be j(-9). Let l = x - -8. Let k(t) = t - 4. Determine k(l).
-9
Let f(v) = -v**3 - 5*v**2 - 4*v + 2. Suppose 4 + 4 = o - 3*c, 0 = 4*o - c + 12. Determine f(o).
2
Let g(w) be the second derivative of w**4/6 - 5*w**3/6 - w**2 - 3*w. What is g(4)?
10
Let y be 0 - -3 - (2 + -2). Let z(u) = -6*u - u**2 - u**2 + 2*u - 2 + u**y. Let t = -164 - -162. Determine z(t).
-10
Let b(j) = -j**3 + 7*j**2 + 10. Let u(a) = a**2 - a - 1. Let h(n) = b(n) + u(n). Determine h(8).
1
Let l(b) = -b**3 + 4*b**2 - b - 4. Let m(d) = -d**2 + 10*d + 1. Let z be m(8). Let s = -14 + z. Determine l(s).
2
Let q be -1*(-2)/4*-6. Let k be (q + 1)*2/2. Let n(z) = z**3 - z + 1. Let d(a) = -2*a**3 - a**2 + 2*a - 2. Let w(p) = 2*d(p) + 3*n(p). Give w(k).
-3
Let n(t) = -2*t**2 + 6*t**2 + t - t**3 + 4 + 4 - 5*t**2. Determine n(0).
8
Let z(a) = 6*a - 4*a - 8*a + 5*a + 5. Give z(0).
5
Let r(j) = -19*j**2 - 2*j + 55*j**2 + 4 - 20*j**2 - 17*j**2. Calculate r(3).
-11
Let v(q) be the first derivative of -q**3/3 - q**2 - q - 4. Let w(t) = 2*t**3 - t. Let l be w(-1). Give v(l).
0
Suppose -o = -5*p + 2 + 18, 4*o = -3*p - 11. Let j = p + -1. Let g(m) = -1 - m**3 - 7*m**j - 5*m - 4 + m**2. Give g(-5).
-5
Let z(m) = -7*m**3 - 10*m**2 - 8*m - 6. Let g(t) = t**3 + t**2 + t + 1. Let y(p) = -6*g(p) - z(p). Calculate y(-3).
3
Let a(r) be the first derivative of -r**2/2 - r + 3. Let v be a(-5). Let g(q) = 2*q - 2. Determine g(v).
6
Let h(i) = -4*i + 1. Let a(w) = 5*w - 2. Suppose -2*o = 4*f + 2, -2*f - 2*o + 4 = -f. Let j be f - (1 - 16)/3. Let v(p) = j*h(p) + 2*a(p). Determine v(-4).
7
Let w = 3 - 5. Let a(g) be the third derivative of -g**7/2520 - g**6/720 - g**5/120 + g**4/12 + 3*g**2. Let t(b) be the second derivative of a(b). What is t(w)?
-3
Let c(d) = -d**3 + 3 - 8*d**2 + 3*d + 0 + 6*d - 8*d. Calculate c(-8).
-5
Let h(w) be the first derivative of -w**2/2 - w + 20. Let v(t) = t. Let x be v(2). Suppose 0 = -4*f - 2*p - 10, -x*p = 4*f + p + 9. Determine h(f).
2
Let p(w) = -2*w + 6. Suppose q + 3*q + 4 = 0. Let t be (-3 - (3 - q))/(-1). Let d be 3*t/((-21)/(-4)). Determine p(d).
-2
Let c(x) = 2*x - 3*x + 11 + 0*x - 4. Let p(f) = f**2 + 5*f + 6. Let q be p(-5). What is c(q)?
1
Let x be 4/6 + 338/6. Let q = x - 41. Let n be ((-1)/(-2))/((-2)/q). Let o(b) = 2*b + 2. What is o(n)?
-6
Let w(b) = b**2 + 5*b - 2. Suppose -3*a + a = -3*j - 10, j - 3*a = -1. Determine w(j).
-6
Let y(b) = -2*b**2 + b + 4 + b**2 - 7*b. Let s(r) = r + 19. Let w be s(-22). Give y(w).
13
Let j(g) = -g - 4. Let s be (-39)/(-3) - (-3 - -1). Let o = s + -10. Determine j(o).
-9
Let l(s) = -1 - 2*s**2 + s**2 + 39*s - 2 - 45*s. Calculate l(-4).
5
Suppose 4 = 2*h - 0. Let y(s) = 2*s - 4*s**3 + h + 6*s**3 + 2*s**2 - s**3. Suppose -5*k - 29 = 2*o, -3*o = 5*k + 5 + 26. Determine y(o).
-2
Let w(n) = 4 + 13*n - 26*n + 12*n. What is w(2)?
2
Let g(z) be the third derivative of 0 - 1/12*z**4 + 0*z**3 + 0*z + 5*z**2 - 1/60*z**5. Give g(2).
-8
Let r(z) = z**2 - z + 13. Suppose 0 = 5*k - 2*k. Suppose -5*l - 5 = k, -2 - 3 = 2*u + 5*l. Determine r(u).
13
Suppose -5*r = w - 13 - 19, -4*w = -5*r + 22. Suppose -4*z - 9 = o - r*o, -2*o - 10 = -5*z. Let p(a) = a**2 - 5*a - 1. Give p(o).
-1
Let a = -2 - -4. Let j(b) = 0 + 5*b**3 - b**3 + 5 + 5*b**a - b - 5*b**3. Determine j(5).
0
Let a(q) = -8*q**2 + 1. Let i = 9 - 5. Let o(x) = 2*x**2 - 2*x - 1. Let p be o(-1). Let r = p - i. Calculate a(r).
-7
Let g be 45/300*((-25)/(-18))/5. Let u(p) be the third derivative of p**2 + 0*p - 1/6*p**3 - g*p**4 + 0. Determine u(4).
-5
Let b(u) be the second derivative of 5/12*u**4 - 5/6*u**3 - 7*u - 1/20*u**5 + 0 + 3/2*u**2. Give b(4).
-1
Suppose -2*x - 4 = -2. Let r(j) = j**3 + j**2 - 1. Determine r(x).
-1
Let i(w) = 5 - 3*w + 9*w - 8*w. What is i(4)?
-3
Let n(q) = -2*q**3 + 2*q**2 - 2*q + 1. Let b be n(1). Let f(r) be the third derivative of -r**6/120 - r**5/30 - r**4/12 - r**3/6 - 3*r**2. Calculate f(b).
0
Let q(m) = m**2 + m + 6. Let n be 1*0/(-1 - 2). Suppose n = 2*z + 5*i, i = z - 6*z. Give q(z).
6
Let m(p) be the first derivative of -1 + 2*p + 3/2*p**2 + 1/4*p**4 + 2/3*p**3. Determine m(-2).
-4
Let g(z) = -8 + z + 7*z - z**2 + 0*z. Give g(6).
4
Let f(s) be the first derivative of 4*s**2 - 8 + 1/3*s**3 + 2*s. Calculate f(-6).
-10
Let p(t) = -5*t**3 + 17*t**2 - 17*t - 8. Let c(g) = -3*g - g + 0*g**3 - g**3 + 4*g**2 + 3 - 5. Let b(l) = 9*c(l) - 2*p(l). Give b(-3).
-5
Let y be 2/(-3)*(-54)/36. Let i(x) = -2 - y - 14*x**2 + 3. Calculate i(1).
-14
Let f = -24 + 14. Let c = 7 + f. Let m(h) be the third derivative of h**5/60 + 7*h**4/24 + 2*h**3/3 - h**2. Give m(c).
-8
Let v(j) = -j - 5. Let c be (-1 - 2)/((-12)/(-16)). Determine v(c).
-1
Let p = 2 + 1. Let k(o) = o + 6. Let a = -3 + 1. Let g(x) = 2*x + 13. Let j(b) = a*g(b) + 5*k(b). Calculate j(p).
7
Let h(t) = -t**3 - t + 6. Let n(y) = -y**2 + 8*y - 15. Let a be n(5). Determine h(a).
6
Let w(j) = 4*j**2 - j + 1. Let t(x) = x + 12. Let p = -9 + 0. Let f be t(p). Let v be (f/6)/((-1)/(-2)). Determine w(v).
4
Let s(v) = 2*v + 4. Let h be s(4). Suppose -2*l + h = -3*g, -2*l - 3*g - g = -26. Let o(i) = l*i - 6*i - i**2 + 0*i**2 - 2. Determine o(4).
-6
Let x(y) = -5*y**3 + y**2 + 2*y + 3. Let t(c) = 26*c**3 - 6*c**2 - 11*c - 16. Let z(a) = 2*t(a) + 11*x(a). Suppose 0 - 4 = -4*q. Calculate z(q).
-3
Let i(k) = 2*k - 1. Suppose -2*a - 36 = -3*w, -2*w + 61 - 12 = -3*a. Let u = -17 - a. Determine i(u).
-5
Let g(m) = -m**2 + 5*m - 7. Let k(s) = -s**3 + 2*s. Let t be k(-2). Let c = 1 + t. What is g(c)?
-7
Let h(s) be the first derivative of s**4/4 - 2*s**3 + 5*s**2/2 + 7*s - 2. Suppose -4 = 4*p, -4*p - 7 = -t + 2. What is h(t)?
7
Suppose 3*w + y - 16 = -y, 0 = 5*w + 5*y - 35. Let s(i) = -i**2 - 4*i + 2. Let m be s(-3). Let x(b) = b**2 + m*b - 2*b**2 - 2 - 2*b + b**3. What is x(w)?
8
Suppose 3*b + 2 + 4 = 0. Let c(p) = 17*p + 4. Let r(i) = -4*i - 1. Suppose 6*t + 3*v = t - 133, 3*t - 2*v + 76 = 0. Let y(j) = t*r(j) - 6*c(j). What is y(b)?
-2
Let w be 3 + (1 - -5)/3. Let v(g) = 5*g**2 + 2. Let c(o) = -o**2 - o. Let s(a) = 4*c(a) + v(a). Determine s(w).
7
Let w(n) be the third derivative of -n**4/24 - n**3/2 - n**2. Let f be w(-5). Let r(p) = -2 - 3 - 4*p**3 + 4*p**f - 7*p + 5*p**3. Determine r(-5).
5
Suppose 2 = 5*l - 3. Let q be l - (-1 + 5)*1. Let h(d) be the first derivative of d**2 + 3*d + 2. Determine h(q).
-3
Let d(r) = -9*r**2 + 4*r + 6. Let v(z) = z**2 - 1. Let a(q) = -d(q) - 6*v(q). Suppose o + 2*o - 3*x = 21, 3*x = -o - 9. Calculate a(o).
15
Let p(h) = 6*h**3 + 2*h**2 + h. Let r = 1 - 2. Let y be (r/(-2))/(2/(-4)). What is p(y)?
-5
Let b(g) = -3*g + g + g - 4 + 2. Let f be b(2). Let j(d) be the third derivative of d**4/12 + d**3/6 + d**2. What is j(f)?
-7
Let v = -30 - -30. Let y(q) = -5*q**3 + 16*q**2 + 11*q - 4. Let u(n) = n**3 - 3*n**2 - 2*n + 1. Let j(w) = 11*u(w) + 2*y(w). What is j(v)?
3
Let i(w) = w**3 + 3*w**2 - 2*w - 1. Let y(h) = -h**3 + 5*h**2 + 8*h - 3. Let u be y(6). Suppose 3*f = -0 - u. Calculate i(f).
5
Let r(t) be the first derivative of t**4/4 + 2*t**3 + 2*t**2 - 7*t + 1. Let s be ((-3)/(-2))/((-96)/320). Determine r(s).
-2
Let n be (-69)/(-12) + (-1)/(-4). Let o(f) = f - 7. What is o(n)?
-1
Le